(-2 + 4/c)?
3
Let n(v) = -v**2 - 3*v - 1. Let k be n(-3). What is the tens digit of (k + 10)/(2/4)?
1
Let s(c) = 2*c**2 + 12*c + 14. What is the tens digit of s(-7)?
2
Let c be (-3)/2*2*7. Let i = c + 29. What is the units digit of i?
8
Let p be (-1)/((-3)/6 - 0). Suppose 3*q - 182 = 2*y, 3*y = -p + 17. Suppose 9*v - 5*v = q. What is the tens digit of v?
1
Let t = 46 - 13. Suppose 0 = -5*g + 103 - t. What is the tens digit of g?
1
Suppose 7*m - 2*m - 3*z - 2 = 0, -4*z = m - 5. Let c(v) = v**3 - 2*v**2 - 4*v + 3. Let f be c(2). What is the units digit of (f - -4) + 3*m?
2
Let g = -3 - -7. Suppose -p + 10 = -g. What is the units digit of p?
4
Suppose 0 = 5*u - 103 + 38. What is the tens digit of u?
1
Let f(y) = 2 - y**3 + 2*y**3 + 6*y + 7*y**2 + 3. Let k be f(-5). What is the units digit of 180/k - 1/5?
7
Suppose 33 = 2*d + 13. Let l be (4/(-5))/(2/d). Let q = l + 8. What is the units digit of q?
4
Let j(x) = 5*x**2 + 7*x - 15. What is the units digit of j(6)?
7
Suppose -2*m - 2 + 257 = -3*z, 392 = 3*m + 5*z. What is the units digit of m?
9
Let y(c) = -6*c + 8. What is the units digit of y(-6)?
4
Suppose -x = 2*x - 30. Let i = 59 - x. What is the tens digit of i?
4
Let s = 17 - 6. Suppose 3*v = 5*n + 148, -4*v = -s*n + 6*n - 194. Let y = v + -28. What is the tens digit of y?
1
Let t(m) be the second derivative of m**4/12 + 3*m**3/2 + 3*m**2 + 4*m. What is the units digit of t(-10)?
6
Let j = 5 + -3. Suppose 0 = -h + 4*h + 2*b - 50, j*h - 30 = -2*b. What is the units digit of h?
0
Let d(m) = 18*m - 1. Let v(q) = q. Let l(p) = d(p) - v(p). Let f be l(1). Suppose 9 + f = 5*u. What is the units digit of u?
5
Let t(l) = -10*l - 9 + 0*l - 15*l**2 + 14*l**2. What is the units digit of t(-6)?
5
Let l = -191 - -306. What is the tens digit of l?
1
Suppose 21 = 3*v - 15. Let h = 0 + v. What is the tens digit of h?
1
Suppose 104 + 152 = 4*r. What is the units digit of r?
4
Let y = -13 - -5. Let j be 4/14 + y/28. Suppose -q = 2*v - j*q - 16, -q + 34 = 4*v. What is the units digit of v?
9
Let p be ((-8)/(-6) + 0)*12. Suppose 4*z - l - p = 0, z + 4*l = -z + 8. Suppose -z*f + 54 = 10. What is the units digit of f?
1
Suppose -4*c + 13 + 211 = 0. What is the tens digit of c?
5
Let u(d) = -d**2 + 6*d + 2. Suppose -6*h + h + 27 = 2*w, 5*h + 4*w = 29. Let t be u(h). Suppose 9*v - 8 = t*v. What is the units digit of v?
4
Suppose u + f + 3*f - 40 = 0, -3*u + 5*f + 188 = 0. Suppose -4*q + 10 = -2*y - u, 4*q - 4*y - 56 = 0. What is the units digit of q?
9
Let s be (-2)/6 - (-14)/(-3). Let x = s - -14. What is the units digit of x/(-6) - (-15)/2?
6
Let s(n) = -n**2 - 6*n + 1. Let u be s(-6). What is the tens digit of 1/2*u*50?
2
What is the tens digit of 2*26/(-4)*-4?
5
Suppose -5*s + 57 = o, 2*s + 2*o = 25 - 7. What is the tens digit of s?
1
Let k(n) = n**3 - 2*n**2 + n + 1. Let y be k(2). Suppose -y*c + 8*c - 100 = 0. What is the tens digit of c?
2
Let s(b) = -b**2 - 7*b + 3. Let f be s(-8). Let y = f - -1. What is the units digit of (-30)/y*2/3?
5
Let b = -5 + 34. Suppose -h + b = 3*c, -5*h + 0*h + c + 193 = 0. What is the tens digit of h?
3
Let p(b) = -b + 14. Let r be p(9). Suppose r*h = -3*o + 49, h + h = o - 20. What is the units digit of o?
8
Suppose -4 - 11 = -w. Suppose n = w + 4. What is the units digit of n?
9
Let b(u) = 7*u**2 - 8*u + 2*u - u**3 + 6 + 0*u. Suppose -j + 18 = 2*j. What is the units digit of b(j)?
6
Let d(i) = -6*i - 13. Let a be d(-9). Let f = -14 + a. What is the units digit of f?
7
Let c(a) = -45*a + 17. What is the tens digit of c(-8)?
7
Let v be (-429)/(-1 + 1/(-2)). What is the tens digit of 5/30 - v/(-12)?
2
Let h(u) = -2*u. Let y(r) = r**2 + r + 2. Let o be y(-2). Let l be h(o). Let i = l + 18. What is the units digit of i?
0
Suppose u - 4*p - 10 = 9, 0 = 2*u + p - 2. Suppose u*z + 0 = x + 32, 4*z = -4*x + 32. What is the tens digit of z?
1
Let d(s) = -2*s + 8. Let g be d(4). What is the units digit of g/(-4*1) + 3?
3
Suppose -3*w - 306 = -6*w. What is the units digit of w?
2
What is the tens digit of 207 + (3 - (-5 - -8))?
0
Let t be 74/(-10) + 2/5. Let k(h) = h**2 + 5*h + 3. What is the tens digit of k(t)?
1
Let f be 2 + -1 + -1 + -2. Let t = f - -37. What is the tens digit of t?
3
Let r(x) = -x - 7. Let y be r(-5). What is the units digit of (58/(-8))/(y/8)?
9
What is the units digit of (-2 - -1)*-29*1?
9
Let l be -15*(0 - (-2)/(-5)). Let u = l - 3. What is the units digit of u?
3
Suppose 3*c - 15 = 3*x, 5*c + 4*x + x + 25 = 0. Let w be (1 - c)/((-7)/(-42)). Suppose y - 37 = -5*a - w, -25 = -5*y + a. What is the units digit of y?
6
Suppose 3*h + h = 224. Suppose 0 = 6*p - 2*p - h. What is the units digit of p?
4
Let p = -2 + 0. What is the units digit of p/(-4) + 10/4?
3
Suppose -4*b + 100 = -0*b. Suppose 3*a - b = 2. What is the units digit of 6/a*9/1?
6
What is the tens digit of ((470/4)/(-5))/((-2)/4)?
4
Suppose 2*o + 15 = -3*u - 19, 0 = 4*o + 3*u + 56. Let v = -10 - o. What is the units digit of v?
1
Let m(j) be the first derivative of -j**2/2 + 12*j - 3. Let g(k) = -2*k + 13. Let d(u) = -2*g(u) + 3*m(u). What is the tens digit of d(0)?
1
Suppose -5*a - x = -230, 0 = 3*a + 4*x - 0*x - 155. What is the tens digit of a?
4
Suppose -1 - 2 = -3*g. Let p be -3 + (-3 - -3) - -3. Suppose p = 4*w - 19 - g. What is the units digit of w?
5
Let v be 2/3 - (-104)/(-3). Let t be 4/(-10) + v/(-10). Suppose -3*u = -4*m + 20, t*u = -6*m + m - 2. What is the units digit of m?
2
Suppose 2*z + 5*v = -4, 0 = -4*z + z + 2*v + 32. Let j = 7 + z. What is the units digit of j?
5
Let b = -20 + 35. Let q = 33 - b. What is the units digit of q?
8
Suppose -4*n + 3*a + 209 = 0, 3*n - 4*a - a = 143. What is the tens digit of n?
5
Suppose 0 = 3*u + 18 - 195. What is the tens digit of u?
5
Let l(s) = -2*s**2 - 6*s + 6. Let n be l(-7). Let c = -32 - n. What is the tens digit of c?
1
Let f = 11 + -7. Suppose 5*i + 3*r = 36, 0 = 4*i - 3*r + f*r - 26. What is the units digit of i?
6
Let y(n) = n + 13. What is the units digit of y(-6)?
7
What is the tens digit of -1*1/(2/(-54))?
2
Suppose 2*t + 474 = 4*v + t, -5*v + 596 = -3*t. What is the tens digit of v?
1
Let u be (2 + 2)*2/(-4). Let s(n) = 3*n**2 - 1. What is the tens digit of s(u)?
1
Let q(y) = -36*y + 1. Let h be q(-1). Let s = h - 15. What is the tens digit of s?
2
Let f be ((-70)/(-56))/(1/4). What is the tens digit of 159/f + 24/(-30)?
3
Let v = -51 + 71. What is the tens digit of v?
2
Let o = -563 + 798. What is the tens digit of o?
3
Let f(g) = -4*g**2 - 2*g - 1. Let j be f(-2). Let c = 18 + j. What is the units digit of c?
5
Let b(i) = i**2 - 5*i + 3. Let v be b(5). Suppose 2*n + 16 = 2*f, 4*f - 3*n - 34 = v. Let l = 26 - f. What is the units digit of l?
3
Suppose 3*q - 10 = 2. Let r = 51 + q. What is the tens digit of r?
5
Let m be (1 - 2/4)*2. Suppose -5 - m = 2*j. What is the units digit of j/(-15) + 24/5?
5
Suppose 0 = -t - 4*b - 16, b + 5 = -0*b. Suppose a - 250 = -t*a. What is the tens digit of a?
5
Let y(z) = 2*z**2 - z - 2. Let h(q) = q**2 - 1. Let i(t) = -5*h(t) + 3*y(t). What is the units digit of i(-2)?
9
What is the tens digit of 3*(-24)/(-3)*1?
2
Let w be -1*(-4 - (-2 + 0)). Let z be 1*w + 5 + -2. Let l = 8 - z. What is the units digit of l?
3
Let y be (-22)/(-18) + 4/(-18). What is the units digit of (2 - (0 + y))/1?
1
Let m be (-43)/4*(-3 - 1). Let f = 0 + m. What is the tens digit of f?
4
Let n = 1 + 57. What is the units digit of n?
8
Let c be 24/(-10) + (-8)/(-20). Let t(u) = -3*u**3 + u**2 + u. What is the tens digit of t(c)?
2
Suppose 8*k - 9*k = -39. Suppose i - k = -3*n, 7*n + 128 = 4*i + 5*n. What is the units digit of i?
3
Suppose b = 2*h - 0*b - 27, 0 = 4*h + 4*b - 72. What is the tens digit of h?
1
Suppose 2*i - 95 - 545 = -y, 2*y = -2*i + 638. What is the tens digit of i?
2
Let n be (9/6)/((-6)/(-56)). Let b be 2/(1 - n/10). What is the units digit of (-7)/b + 6/(-15)?
1
Let p(g) = 4*g - 3. Let c be p(-3). Let f(w) = w**3 + 17*w**2 - 2*w - 25. Let z be f(-17). What is the units digit of (-6)/c - z/(-15)?
1
Let t(c) = c**2 - 4*c - 4. Let w be t(5). What is the units digit of -7*(-5 - (-3)/w)?
4
Suppose 12 = k - 2*v, -3*k + 3*v = v - 56. Let o = 50 - 37. Let p = k - o. What is the units digit of p?
9
Let h(t) = -3*t**2 + 2*t - 1. Let s be h(2). Let x = -9 + s. Let o = x - -25